 o.
2, 3
Let l(m) = m**2 + 2*m + 5. What are the prime factors of l(-7)?
2, 5
Suppose -2*d + 0*d = -5*t - 223, -451 = -4*d + 5*t. What are the prime factors of d?
2, 3, 19
Let n = 114 + -68. Suppose -3*x + 4*u = -92, -2*x + 0*x = 5*u - n. What are the prime factors of x?
2, 7
Suppose i - 23 = -5*w, 4*w + 2*i = -0*i + 22. Suppose -x + 80 = w*x. What are the prime factors of x?
2
What are the prime factors of -3 - 755/(5 - 10)?
2, 37
Suppose -2*w - 3*w = -125. Suppose -g = -i + 3*g - 18, 5*g - w = 0. What are the prime factors of i?
2
Let y(v) = v**2 + 11*v - 14. Let n be y(-13). List the prime factors of 145/4 - 3/n.
2, 3
Let o(q) = 35*q. List the prime factors of o(1).
5, 7
Let y(q) = q**2 + 3*q + 6. Let v be ((2 - 2) + -7)*1. Let g be y(v). Let k = -22 + g. What are the prime factors of k?
2, 3
Suppose 2*s - 4*s + 178 = 0. What are the prime factors of s?
89
Let x(s) be the third derivative of -s**6/360 + s**5/20 - s**4/4 + s**3/2 + s**2. Let z(n) be the first derivative of x(n). List the prime factors of z(4).
2
Suppose 4*l + 8 = 3*j - 40, 3*j + 3*l = 69. Let z = j - 7. What are the prime factors of z?
13
Let b(i) be the third derivative of i**6/120 - i**5/15 + i**4/6 - i**3/6 - i**2. List the prime factors of b(3).
2
Suppose -4*s - 51 = -s. Suppose -5*g - 5*m + 110 = 0, -2*g + 3*g = -5*m + 6. Let u = s + g. List the prime factors of u.
3
List the prime factors of -3 - (1 + 0 - 26).
2, 11
Let s be 2/(1 + 0 + 1). Let q = 4 + s. List the prime factors of q.
5
Let w = 19 - -83. What are the prime factors of w?
2, 3, 17
Let l = 4 + 16. What are the prime factors of l?
2, 5
Suppose -96 = 4*h - 312. What are the prime factors of h?
2, 3
Let n(d) = -d + 5. List the prime factors of n(-5).
2, 5
Let s = 4 - 1. Suppose -7*u = -s*u - 40. List the prime factors of u.
2, 5
Let t(m) = -6*m - 3. What are the prime factors of t(-19)?
3, 37
Let f be -4 + -1 + -2 + 0. Let s = f - -29. What are the prime factors of s?
2, 11
Let j be (-675)/(-18) + (-2)/(-4). Let z = -23 + j. What are the prime factors of 6/z - (-309)/15?
3, 7
Suppose 46*u - 48*u + 572 = 0. List the prime factors of u.
2, 11, 13
Let v = 93 + -45. List the prime factors of v.
2, 3
Let k = 101 + -49. List the prime factors of k.
2, 13
Let o(c) = -c + 3. Let v be o(0). Suppose v*i + 20 = 7*i. List the prime factors of i.
5
Let y(u) = u**3 + 4*u**2 + u + 3. Let b be y(-4). What are the prime factors of (-2 - b)/(1/(-14))?
2, 7
Let t(v) = -v**3 - 3*v**2 + 6*v + 6. Let p be t(-4). Let f = 3 - p. Suppose -5 = 2*b - 4*l - 19, l - f = 0. List the prime factors of b.
17
Suppose -1 = -4*k - 5*u + 2, 2 = 3*k + 4*u. Let n(y) = 3*y**3 + 3*y**2 - 4*y + 3. List the prime factors of n(k).
31
List the prime factors of (-3)/(-1) + (-4 - -2 - -167).
2, 3, 7
Let o(p) = 2*p**3 - 3*p**2 - 10*p + 4. Let b(c) = c. Let r(a) = 5*b(a) + o(a). List the prime factors of r(3).
2
Suppose -2*y + 29 = -49. List the prime factors of y.
3, 13
Let r(d) = -d - 5. Let g be r(-7). Suppose -2*p - g = -2*b - 2*b, 0 = -5*p - 4*b + 9. What are the prime factors of (p/3)/(1/27)?
3
Let a be (-8)/(-3) - 2/(-6). Suppose -3*q + 3*h = -48, -a*q = -q + 3*h - 37. List the prime factors of q.
17
Let g be 6/(-36) + (-13)/(-6). Suppose 60 + 54 = g*x. What are the prime factors of x?
3, 19
Suppose 4*q - q = h + 1, 4*q - 5*h = -6. Let t = 5 + q. List the prime factors of t.
2, 3
Suppose 2 = -5*r - 8, -32 = -2*s - 2*r. Let k be (1/(-2))/((-3)/s). Suppose 0 = k*g - 6 - 6, x - 4*g = -11. List the prime factors of x.
5
Let o be (-6)/10 - 9/(-15). Let j = o + 23. List the prime factors of j.
23
Suppose 2*i - 18 - 4 = 0. Let g = 8 - i. Let p = 12 + g. List the prime factors of p.
3
Suppose 4*l + 1 = 17. Suppose -l*z - 2 + 14 = 0. What are the prime factors of z?
3
Suppose -4*r - 3*c = -71, -c - 37 = -3*r - 0*c. Suppose -2*l + 2*b = -r, -2*l + 1 = -l - 4*b. List the prime factors of l.
3
Suppose -4*t - 8 = 0, 0 = -5*k - 2*t + 7*t + 30. Suppose 51 = 2*f + k*b + 5, -5*b + 67 = 3*f. What are the prime factors of f?
19
Suppose 2*a = a + 2. Suppose 3*x - 22 = -i - a*x, -2*i + x = 0. What are the prime factors of (3 - i - -7) + 2?
2, 5
Let p be -3 - (2 + 1 + -14). Let k = 2 + p. List the prime factors of k.
2, 5
Let w(n) = -2*n - 10. Let b be w(7). Let r = b - -39. List the prime factors of r.
3, 5
Suppose 0 = -j - 2 - 2, -93 = -3*b + 3*j. What are the prime factors of b?
3
Suppose n = 3*n + 176. Let s = -176 - n. What are the prime factors of s/(-14) - 2/7?
2, 3
Let j = 8 + -5. Suppose -9 - j = 3*b. What are the prime factors of 9/12*b/(-1)?
3
Suppose 0 = 3*r - r. Let i(y) = y**3 - y**2 - 2. Let q be i(2). Suppose -5*n + l + 10 = -3, r = -q*l - 6. List the prime factors of n.
2
Let q(v) = 3*v**2 + 17*v + 10. List the prime factors of q(-7).
2, 19
Let j be 32/14 - (-4)/(-14). Suppose -9 = j*v - 3*v. What are the prime factors of v/(-15) + (-69)/(-15)?
2
Suppose -3*d - 2*o + 64 = 0, 5*o - 25 = -d + 5. What are the prime factors of d/15 - 71/(-3)?
5
Suppose -2*x = -4*d - 7*x + 1, d + 3*x = 2. Let i = 2 - d. What are the prime factors of i?
3
Suppose -3*b + 17 = p, -b = -6*b - 5. List the prime factors of p.
2, 5
Let q(j) = -j + 2*j - 2*j - 1. Let y = 34 - 42. List the prime factors of q(y).
7
Suppose 0 = -5*b - 4 - 6. Let d(g) = 2*g**2 - 3*g - 2. What are the prime factors of d(b)?
2, 3
What are the prime factors of 68/(-34)*(-31 + 0)/1?
2, 31
Let i(p) = 7*p - 55. List the prime factors of i(13).
2, 3
Let u(i) = -i**3 - 15*i**2 - 17*i + 11. What are the prime factors of u(-14)?
53
Suppose 14 = z - 9. Let u = 8 + z. List the prime factors of u.
31
Let n = 24 + 2. List the prime factors of n.
2, 13
Let z(g) = g**3 + 2*g**2 - 3*g - 2. Let a be z(-3). List the prime factors of (-65)/a + (-3)/6.
2
Let s(o) = -o**3 + 9*o**2 + 5*o + 3. List the prime factors of s(9).
2, 3
Let y = -20 - -75. What are the prime factors of y?
5, 11
Suppose 2*f = 5*f. Suppose 2*s - s - 25 = f. List the prime factors of s.
5
Let h(b) = b + 2. Let q be h(5). Suppose q + 12 = i. What are the prime factors of i?
19
Let d(i) = -i**3 - 8*i**2 + 6. Suppose 2*r - 17 = 17. Let u = 9 - r. What are the prime factors of d(u)?
2, 3
Let r be (10/(-5))/((-1)/(-2)). Suppose -2*j - 8 = 2*a, 2*j + 2 = -2*a + 3*a. Let d = j - r. What are the prime factors of d?
2
Suppose -5*v - 33 + 148 = 0. List the prime factors of v.
23
Suppose -2*r + 4*r - 3*l - 10 = 0, 0 = -2*r + 2*l + 10. Let q be (r/4)/((-5)/80). Let d = -12 - q. List the prime factors of d.
2
Suppose -5 = 4*z - 25. Suppose -z*v + 14 = -3*v. List the prime factors of v.
7
Let g be (6/2)/(12/8). Suppose m = -5*h + 19, -6*m + 3 = g*h - m. List the prime factors of h.
2
Let x(w) = -w**2 + 19*w + 16. What are the prime factors of x(16)?
2
Suppose 4*l - 98 = -5*h + 44, -3*l - 5*h = -104. What are the prime factors of l?
2, 19
Let z(f) = -f**3 + 10*f**2 + 7. Let t be z(10). Let p be (-3)/(-9) + 8/3. Let l = t - p. List the prime factors of l.
2
Let b(j) = j**3 + 4*j**2 - 4*j + 4. Let a be b(-4). What are the prime factors of (a/(-25))/((-2)/5)?
2
Let p(g) = -6*g**2 + 7*g - 5. Let d(r) = -13*r + 4*r**2 + 10*r**2 + 2 + 7 - 3*r**2. Let t(o) = 4*d(o) + 7*p(o). What are the prime factors of t(3)?
2, 5
Suppose -c + 12 = -4*c. Let j(t) = t**2 - 9*t - 6. Let d be j(9). List the prime factors of (-6)/(0 - d/c).
2
Suppose 4*o - 251 = 5*t, 9*t - 4*t = o - 44. List the prime factors of o.
3, 23
Let x be (-20)/(-9) - (-6)/(-27). Suppose -1 + 5 = x*p. Suppose 5*n - 3 = 4*u, -5*u = -p*u + 4*n - 21. What are the prime factors of u?
3
Suppose 5*l - 658 = -2*l. List the prime factors of l.
2, 47
Let k be 14/2*360/42. Suppose 0 - k = -5*i. List the prime factors of i.
2, 3
List the prime factors of (2/5)/(282/70 + -4).
2, 7
What are the prime factors of (8 - 4) + (-2 - -12)?
2, 7
Suppose -366 + 105 = -3*y. Suppose -y = -3*s - 3. What are the prime factors of s?
2, 7
Suppose 6*r = 2*q + 2*r - 98, 0 = 5*q + 4*r - 175. Let g be (-3)/18 - q/(-18). Suppose 3*x - g*n = 2*x + 15, 39 = x + 4*n. What are the prime factors of x?
23
Suppose 87 - 30 = 3*w. What are the prime factors of w?
19
Let g be 2/6 + 5/3. Suppose -2*v = -0*v + 2*k - 30, -g*v + 5*k = -9. List the prime factors of v.
2, 3
Let s be (-3)/(2 + 1) + 14. Suppose 5*b - 1 - s = 2*w, -4*b = 4*w + 28. Let z = 12 + w. List t